units digit of v?
9
Let l = -558 - -1216. What is the hundreds digit of l?
6
Let p(i) = i**2 - 7*i + 8. Let u be p(6). Suppose -4*l + 130 = 2*t, 5*t - l = -u*l + 316. What is the tens digit of t?
6
Let v(o) = 18*o**2 + 79*o - 673. What is the hundreds digit of v(10)?
9
Let i be (-30)/(-10) - (0 - (2 - 0)). What is the tens digit of 2/i - 303/(-5)?
6
Let i(g) be the third derivative of 5*g**4/24 + 2*g**3 - g**2. Let q be 10/35 + 61/7. What is the units digit of i(q)?
7
Suppose 2*v - 1052 = -2*q, 8*v - 7*v + 5*q = 542. What is the units digit of v?
2
Let x be 2*(-2 - (-14)/4). Let d = -16 - -14. Let z = x - d. What is the units digit of z?
5
Let d be (-7)/1*3 - -3. Let k(n) = n + 40. Let u(l) = -2*l - 60. Let t(h) = 8*k(h) + 5*u(h). What is the units digit of t(d)?
6
Let t = -726 - -1295. What is the tens digit of t?
6
Let s(l) be the third derivative of 9*l**4/8 - l**3 + 11*l**2. What is the units digit of s(1)?
1
Suppose 0 = 3*o + o + 120. Let p = o + 47. What is the units digit of p + 3/(9/12)?
1
What is the tens digit of (-395 + 49)*(-1)/2?
7
Let d(c) = 126*c**2 - 14*c + 30. What is the units digit of d(6)?
2
Let w be (-1 + (-10)/(-4))*-612. Suppose 4*a + 28 = -4*p - 8, 4 = -a. What is the tens digit of p/(-2)*w/(-45)?
5
Let q(a) = -2*a - 2. Let i(b) = 4*b - 2. Let f be i(2). Let l be q(f). Let d = l + 17. What is the units digit of d?
3
Suppose 0 = -11*p + 8*p + 396. Let u = -40 + p. What is the tens digit of u?
9
Let r(i) = 2*i**2 + 12*i - 20. Let j be r(-13). Suppose s + 38 = -2*g + j, 0 = 4*g - 2*s - 248. What is the units digit of g?
2
Let l be ((-10)/(-15))/((-2)/18). Let r = l + 0. Let h(x) = x**2 + x - 6. What is the units digit of h(r)?
4
Suppose 10*y + y = 8602. What is the units digit of y?
2
Suppose -6120 = 12*q - 27*q. What is the tens digit of q?
0
Let j(p) = -8*p + 6. Let z(l) = l - 1. Let w(b) = j(b) - 2*z(b). What is the tens digit of w(-10)?
0
What is the hundreds digit of (((-5566)/33)/22)/(2/(-564))?
1
Let k(w) = -w**3 - 3*w**2 - 7*w - 2. Let p(a) = a + 1. Let n be p(-6). Let d be k(n). Suppose -5*f + d = 18. What is the units digit of f?
3
Let y(b) = b**3 + 16*b**2 - 7*b + 22. Let f(o) = 2*o + 24. Let d be f(-20). What is the hundreds digit of y(d)?
1
Suppose 0*x - x = -2*m - 1010, 2*x + 2*m - 2014 = 0. What is the hundreds digit of x?
0
Let k(m) = -6*m**3 + 6*m**2 - m + 30. What is the units digit of k(-7)?
9
Suppose -4*j + 5*c + 660 = 0, -4*j - 3*c = -300 - 392. What is the units digit of j?
0
Suppose -21 = -3*n + 9. What is the tens digit of 177/n*2 - 2/5?
3
Let q be (2/6)/(3/27). Let m(i) = 6 - 6*i - q + 0 - 4 + i**2. What is the tens digit of m(8)?
1
Let j(a) = 3*a**2 - 17*a + 15. What is the hundreds digit of j(15)?
4
Let j(b) = -5*b**3 + 4*b**2 + 18*b + 38. What is the units digit of j(-5)?
3
Suppose -23*x - 10693 = -60*x. What is the hundreds digit of x?
2
Let o(z) = 4*z**3. Let l be 9/(-27) - 8/(-6). Let s be o(l). Suppose s*g = -7 - 5, 3*g = 2*p - 49. What is the units digit of p?
0
Let b be 6/(-10) - 8856/90. Let n = 20 - b. What is the tens digit of n?
1
What is the units digit of (-48)/(-72)*11562/4?
7
Suppose -5*a + 4*w - 3*w - 26 = 0, 5*w = -20. Let i be 294/(-4) + (-3)/a. Let o = -30 - i. What is the tens digit of o?
4
Suppose -w + 376 = i, -4*i - 1898 = -9*i + w. What is the hundreds digit of i?
3
What is the hundreds digit of ((-2844)/(-8))/(6/8)?
4
Suppose 0*j - j - 5*u = -25, 5*u = j + 25. What is the tens digit of (j - 3)/((-3)/58)?
5
Let a(x) = -x**2 - 5*x - 1. Let o be a(-6). Let g = o + 11. Suppose 5*c - 2*z - 137 = 0, 0*c + 4*z = g*c - 112. What is the units digit of c?
7
Suppose 2*y = -5*j + 154, -2*j + 54 = -2*y - 2. Suppose 3*p + 2 = -5*o + 1, 4*o = -5*p + 7. Suppose p*k = -0*k + j. What is the units digit of k?
0
Suppose 3*f - 3*s = 2775, -36*f - 2*s + 2770 = -33*f. What is the tens digit of f?
2
What is the hundreds digit of ((-4 - -1)/((-3)/2198))/2?
0
Let k(s) = -10*s**3 - s**2 + 5*s + 4. Let z(r) = -19*r**3 - 3*r**2 + 11*r + 7. Let y(i) = -5*k(i) + 2*z(i). What is the units digit of y(3)?
0
Let g = -41 - -688. What is the units digit of g?
7
Suppose -4*q + 0*d = d - 21, 3*q - 5*d = -13. Let m be q/14 - (-4199)/(-119). Let y = m - -36. What is the units digit of y?
1
Let d be ((-12)/(-1 + 4))/(10/85). What is the units digit of 1/(-4) + -159*d/24?
5
Let m be 17/(561/(-1248)) + 2/(-11). Let w = m + 102. What is the tens digit of w?
6
Let i = 61 - 15. Let h(c) = -8*c - 262. Let g be h(-33). Suppose g*s - i = 38. What is the units digit of s?
2
Let z(p) = -p**3 + 14*p**2 + 5*p - 61. Let l be z(14). Let m(h) = 4*h**2 + 3*h - 38. What is the units digit of m(l)?
3
Let w(l) = -19*l**2 - 5*l - 7. Let o be w(-2). Let k = -41 - o. What is the tens digit of k?
3
Suppose -3*j = -10*j + 26642. What is the units digit of j?
6
What is the hundreds digit of 642*6/(-18)*-6?
2
Suppose -7*w + w + 4722 = 0. What is the tens digit of w?
8
Let s(j) = -38*j - 144. What is the units digit of s(-5)?
6
Suppose -f - 4152 = -13*f. What is the hundreds digit of f?
3
Let i = 240 + -224. What is the tens digit of i?
1
Let c(t) be the third derivative of -7*t**4/12 + t**3/2 + 7*t**2 + 2*t. Let m = -7 - -3. What is the units digit of c(m)?
9
Let w be 4 - 5/(5/(-166)). Suppose -28*b + w = -27*b. What is the tens digit of b?
7
Let o(f) = f**2 + 4*f + 13. Suppose a = -3*v + 54, 2*v + 4*a - 26 = -0*v. Let m = v - 28. What is the tens digit of o(m)?
5
Let l(i) = -6*i - 38. Let n be l(-7). What is the units digit of (-1)/n - 1251/(-12)?
4
What is the units digit of (-7)/(-14)*-16 - -948?
0
Let o = 31 - 31. Suppose -28 = -5*y + 2*z, y + 4 = -2*z - o. Suppose 222 = y*t - 2*c, c = 2*t + 2*t - 223. What is the tens digit of t?
5
Let h(d) = d**2 - 3*d - 10. Let n be h(3). What is the hundreds digit of (42/5)/(n/(-150))?
1
Suppose 14*g = 13*g + 1614. What is the hundreds digit of g?
6
Suppose 127*r - 124*r = 3228. What is the tens digit of r?
7
Suppose -4*c = 2*c - 432. Let h be 2/7 + c/42. Suppose 2*r = -h*r + 40. What is the tens digit of r?
1
Let y(v) = -v**3 + 10*v**2 - 7*v - 15. Let s be y(9). Let x(l) = 4*l**3 - l**2 - 2*l - 4. What is the tens digit of x(s)?
8
Suppose -3*j + 3356 = t, -53*j + t - 1122 = -54*j. What is the thousands digit of j?
1
Let b(h) = 36*h**2 - 2*h + 6. What is the units digit of b(-2)?
4
Let h(x) = 3*x**2 - 13*x - 8. Let f be h(5). Suppose -2*d - d = -f*l + 259, -l + 2*d + 131 = 0. What is the tens digit of l?
2
Let l be (-71)/((-4)/(-32)*4). Let x = l - -260. What is the units digit of x?
8
Suppose 2*b - 5*b - d - 9 = 0, 0 = d. Let o(a) = -17*a + 2. Let t(r) = 16*r - 2. Let g(n) = -2*o(n) - 3*t(n). What is the tens digit of g(b)?
4
Suppose 2*p = -2*l - 0*l - 22, l - 2*p = -8. What is the hundreds digit of ((-8)/(-20))/2 + (-1408)/l?
1
Let x(q) = -5*q - 36. Let y be x(-9). Suppose -y*h - 14 = -50. What is the units digit of h?
4
Let d(u) = -40*u - 4. Let p be d(2). What is the units digit of (2/(-4))/(6/p)?
7
Let y(s) = 21*s**2 - 10*s - 3. What is the tens digit of y(3)?
5
Suppose -h - 4*h + 3*z = -45, 14 = -h - 4*z. Suppose h*m = m - 30. Let g = 3 - m. What is the units digit of g?
9
Suppose -2 = -y + 3. Suppose -6 + 202 = 4*g + 4*b, 213 = y*g - 3*b. What is the units digit of g?
5
Suppose -1 = -u + a + 2, 4*a + 12 = 0. Suppose -2*g + 7 - 1 = u. What is the units digit of 35 - (g - 2)*-1?
6
Let u(z) = -34*z**3 - 2*z - 1. Let o be u(-1). Let f = o - 15. What is the tens digit of f?
2
Let l(k) = -2*k**2 - 18*k. Let z be l(-9). Suppose 111 = g - 2*b - 76, -2*g + 3*b + 377 = z. What is the units digit of g?
3
Let q(x) = x**3 - 12*x**2 + 2*x - 22. Let d(m) = -m**3 + 12*m**2 - 2*m + 22. Let z(v) = -3*d(v) - 4*q(v). What is the tens digit of z(9)?
4
Suppose 107 = -2*m - 85. Let o be m/(-9) - 4/6. What is the units digit of 2/5 - (-86)/o?
9
Let v = -74 - -128. What is the units digit of (-2)/9 - (-66)/v?
1
Let m(f) = -10*f + 3015. What is the units digit of m(0)?
5
Let y(b) = 83*b + 517. What is the tens digit of y(28)?
4
Let b(h) = -h**2 - 15*h + 480. What is the hundreds digit of b(0)?
4
Let h(v) = v**2 + v - 16. Let c be h(4). Suppose -c*o + 345 = 5*z - 155, -4*o - z + 484 = 0. What is the tens digit of o?
2
Let y(c) = c**3 - 12*c**2 + 8*c - 11. Let p be y(11). Let d = 99 + p. What is the units digit o